{"id":183,"date":"2016-12-01T21:54:19","date_gmt":"2016-12-01T20:54:19","guid":{"rendered":"http:\/\/www.espace-bbta.com\/sophieshop\/?page_id=183"},"modified":"2016-12-01T21:56:28","modified_gmt":"2016-12-01T20:56:28","slug":"raffermir-le-visage","status":"publish","type":"page","link":"http:\/\/www.formlab.ca\/A23\/raffermir-le-visage\/","title":{"rendered":"Raffermir le visage"},"content":{"rendered":"<p><strong>Raffermissez votre visage pour un effet rajeunissant!<\/strong><\/p>\n<p><strong>LA REDENSIFICATION ANTI-\u00c2GE<\/strong><br \/>\nAvec le temps, Le visage se rel\u00e2che et devient flasque. Quand on vieillit, les fibroblastes, les cellules qui fabriquent le collag\u00e8ne et l\u2019\u00e9lastine responsables de la souplesse et de l\u2019\u00e9lasticit\u00e9 de notre peau travaillent moins bien.<br \/>\nL\u2019Endermolift est id\u00e9al pour ralentir le rel\u00e2chement du visage. En massant le derme en profondeur, en le stimulant m\u00e9caniquement, on augmente la production de collag\u00e8ne cette prot\u00e9ine qui lie les tissus entre eux.<\/p>\n<p><strong>L\u2019ADN DE LA M\u00c9CANO-STIMULATION<\/strong><br \/>\nParce que la peau de notre visage est la cible de bien des attaques ext\u00e9rieures comme la pollution et le soleil, elle mincit et les signes de vieillissement apparaissent. Stimul\u00e9e et redensifi\u00e9e en profondeur gr\u00e2ce \u00e0 notre technique de m\u00e9cano-stimulation 100% naturelle et sans douleur, la peau du visage redevient lisse et ferme. Votre visage se redessine et retrouve fra\u00eecheur et \u00e9clat.<\/p>\n<p><strong>POUR UNE PEAU LISSE ET FERME<\/strong><br \/>\nLes nombreuses \u00e9tudes cliniques et scientifiques r\u00e9alis\u00e9es depuis 25 ans font \u00e9tat de r\u00e9sultats impressionnants. L\u2019\u00e9tude la plus r\u00e9cente r\u00e9alis\u00e9e en France d\u00e9montre que nos techniques de m\u00e9cano-stimulation active la production de collag\u00e8ne de 240% et d\u2019\u00e9lastine de 160% dans le but de stimuler la reconstruction de la structure de soutien du visage et du cou.<br \/>\n<strong>100% naturel<\/strong><\/p>\n<p><strong>LES B\u00c9N\u00c9FICES<\/strong><br \/>\n+ Lisse la peau du visage<br \/>\n+ Raffermit l\u2019ovale du visage<br \/>\n+ Affine le visage<br \/>\n+ Des pommettes rehauss\u00e9es<br \/>\n+ Une technique non-invasive et sans anesth\u00e9sie<br \/>\n+ Une technique sans douleur<\/p>\n","protected":false},"excerpt":{"rendered":"<p>Raffermissez votre visage pour un effet rajeunissant! LA REDENSIFICATION ANTI-\u00c2GE Avec le temps, Le visage se rel\u00e2che et devient flasque. Quand on vieillit, les fibroblastes, les cellules qui fabriquent le collag\u00e8ne et l\u2019\u00e9lastine responsables de la souplesse et de l\u2019\u00e9lasticit\u00e9 de notre peau travaillent moins bien. L\u2019Endermolift est id\u00e9al pour ralentir le rel\u00e2chement du visage.&hellip;<\/p>\n","protected":false},"author":1,"featured_media":0,"parent":0,"menu_order":0,"comment_status":"closed","ping_status":"closed","template":"","meta":[],"_links":{"self":[{"href":"http:\/\/www.formlab.ca\/A23\/wp-json\/wp\/v2\/pages\/183"}],"collection":[{"href":"http:\/\/www.formlab.ca\/A23\/wp-json\/wp\/v2\/pages"}],"about":[{"href":"http:\/\/www.formlab.ca\/A23\/wp-json\/wp\/v2\/types\/page"}],"author":[{"embeddable":true,"href":"http:\/\/www.formlab.ca\/A23\/wp-json\/wp\/v2\/users\/1"}],"replies":[{"embeddable":true,"href":"http:\/\/www.formlab.ca\/A23\/wp-json\/wp\/v2\/comments?post=183"}],"version-history":[{"count":1,"href":"http:\/\/www.formlab.ca\/A23\/wp-json\/wp\/v2\/pages\/183\/revisions"}],"predecessor-version":[{"id":184,"href":"http:\/\/www.formlab.ca\/A23\/wp-json\/wp\/v2\/pages\/183\/revisions\/184"}],"wp:attachment":[{"href":"http:\/\/www.formlab.ca\/A23\/wp-json\/wp\/v2\/media?parent=183"}],"curies":[{"name":"wp","href":"https:\/\/api.w.org\/{rel}","templated":true}]}}