{"id":196,"date":"2016-12-01T22:17:36","date_gmt":"2016-12-01T21:17:36","guid":{"rendered":"http:\/\/www.espace-bbta.com\/sophieshop\/?page_id=196"},"modified":"2016-12-01T22:17:52","modified_gmt":"2016-12-01T21:17:52","slug":"196-2","status":"publish","type":"page","link":"http:\/\/www.formlab.ca\/A23\/196-2\/","title":{"rendered":"Perte de poids rapide"},"content":{"rendered":"<p><strong>Transformez vos graisses en muscles!<\/strong><br \/>\n<strong>BR\u00dbLER LES GRAISSES POUR MAIGRIR!<\/strong><br \/>\nVous souhaitez perdre du poids de durablement? Pourquoi ne pas le faire dans le confort d\u2019un centre \u00e0 la fine pointe de la technologie? Le Centre D\u2019endermologie St-Bruno vous propose les programmes Lipomassage\u2122 et Huber Motion Lab\u2122.<br \/>\nNotre \u00e9quipe \u00e9valuera lequel de ces deux traitements, combin\u00e9s ou de mani\u00e8re s\u00e9par\u00e9e, vous aidera \u00e0 br\u00fbler les graisses le plus rapidement.<\/p>\n<p><strong>LE LIPOMASSAGE AFFINE LA SILHOUETTE<\/strong><br \/>\nLa technique de Lipomassage\u2122 par endermologie\u2122 aide \u00e0 maigrir rapidement, naturellement et en douceur. Elle lutte contre la cellulite en combattant l\u2019\u0153d\u00e8me et remod\u00e8le la silhouette. Selon les r\u00e9glages, les effets recherch\u00e9s peuvent \u00eatre drainants, tonifiants ou raffermissants.<br \/>\nCe traitement, particuli\u00e8rement indiqu\u00e9 pour la perte de graisse localis\u00e9e, est efficace d\u00e8s les premi\u00e8res s\u00e9ances.<\/p>\n<p><strong>RENFORCER SA MUSCULATURE<\/strong> AVEC Hubert Motion Lab<br \/>\nHuber Motion Lab\u2122 est un v\u00e9ritable br\u00fbleur de graisses qui permet en m\u00eame temps de renforcer les muscles de la colonne vert\u00e9brale. Le programme Fat Burning associe l\u2019entrainement cardio et la musculation : en trois minutes, l\u2019organisme entre dans la zone maximale de combustion des graisses.<br \/>\nVos mouvements augmentent la tonicit\u00e9 de votre peau, corrigent la posture et allongent la silhouette.<br \/>\n<strong>100% naturel<\/strong><\/p>\n<p><strong><a href=\"http:\/\/formlab.ca\/contact\/\">PRENEZ RENDEZ-VOUS D\u00c8S AUJOURD\u2019HUI!<\/a><\/strong><br \/>\n+ Une \u00e9quipe de professionnels \u00e0 votre service<br \/>\n+ Des technologies de pointe<br \/>\n+ Un traitement avant-gardiste : Huber Motion Lab\u2122<br \/>\n+ Des solutions pour maigrir rapidement<br \/>\n+ Des r\u00e9sultats probants<\/p>\n","protected":false},"excerpt":{"rendered":"<p>Transformez vos graisses en muscles! BR\u00dbLER LES GRAISSES POUR MAIGRIR! Vous souhaitez perdre du poids de durablement? Pourquoi ne pas le faire dans le confort d\u2019un centre \u00e0 la fine pointe de la technologie? Le Centre D\u2019endermologie St-Bruno vous propose les programmes Lipomassage\u2122 et Huber Motion Lab\u2122. Notre \u00e9quipe \u00e9valuera lequel de ces deux traitements,&hellip;<\/p>\n","protected":false},"author":1,"featured_media":0,"parent":0,"menu_order":0,"comment_status":"closed","ping_status":"closed","template":"","meta":[],"_links":{"self":[{"href":"http:\/\/www.formlab.ca\/A23\/wp-json\/wp\/v2\/pages\/196"}],"collection":[{"href":"http:\/\/www.formlab.ca\/A23\/wp-json\/wp\/v2\/pages"}],"about":[{"href":"http:\/\/www.formlab.ca\/A23\/wp-json\/wp\/v2\/types\/page"}],"author":[{"embeddable":true,"href":"http:\/\/www.formlab.ca\/A23\/wp-json\/wp\/v2\/users\/1"}],"replies":[{"embeddable":true,"href":"http:\/\/www.formlab.ca\/A23\/wp-json\/wp\/v2\/comments?post=196"}],"version-history":[{"count":2,"href":"http:\/\/www.formlab.ca\/A23\/wp-json\/wp\/v2\/pages\/196\/revisions"}],"predecessor-version":[{"id":198,"href":"http:\/\/www.formlab.ca\/A23\/wp-json\/wp\/v2\/pages\/196\/revisions\/198"}],"wp:attachment":[{"href":"http:\/\/www.formlab.ca\/A23\/wp-json\/wp\/v2\/media?parent=196"}],"curies":[{"name":"wp","href":"https:\/\/api.w.org\/{rel}","templated":true}]}}