{"id":199,"date":"2016-12-01T22:18:48","date_gmt":"2016-12-01T21:18:48","guid":{"rendered":"http:\/\/www.espace-bbta.com\/sophieshop\/?page_id=199"},"modified":"2023-05-21T14:43:51","modified_gmt":"2023-05-21T18:43:51","slug":"entrainement-sportif-et-personnalise","status":"publish","type":"page","link":"http:\/\/www.formlab.ca\/A23\/entrainement-sportif-et-personnalise\/","title":{"rendered":"Entrainement sportif et personnalis\u00e9"},"content":{"rendered":"<p><strong>Am\u00e9liorez vos performances sportives!<\/strong><br \/>\n<strong>UN ENTRAINEMENT DE HAUT NIVEAU POUR TOUS!<\/strong><br \/>\nLe plateau oscillant du Huber Motion Lab\u2122 g\u00e9n\u00e8re une instabilit\u00e9 basse, la colonne mobile une instabilit\u00e9 haute, les poign\u00e9es captent la force, le feedback sur l\u2019\u00e9cran informe. L\u2019enchainement simultan\u00e9 des postures permet \u00e0 toutes les cha\u00eenes musculaires de reprendre leurs fonctions et d\u2019augmenter le m\u00e9tabolisme.<br \/>\nUn entrainement digne de celui d\u2019un sportif de haut niveau qui am\u00e9liore consid\u00e9rablement ses capacit\u00e9s physiques !<\/p>\n<p><strong>RENFORCEZ VOS MUSCLES DE MANI\u00c8RE CIBL\u00c9E<\/strong><br \/>\nAvec Huber Motion Lab\u2122, vous ciblez un muscle, coordonnez vos mouvements, r\u00e9gulez votre rythme cardiaque :<br \/>\nDes programmes complets et sp\u00e9cifiques sont offerts pour plus de 12 disciplines sportives<br \/>\n<strong>\u2013<\/strong> Soccer<br \/>\n<strong>\u2013<\/strong> Rugby<br \/>\n<strong>\u2013<\/strong> Basketball<br \/>\n<strong>\u2013<\/strong> Tennis<br \/>\n<strong>\u2013<\/strong> Golf<br \/>\n<strong>\u2013<\/strong> Patinage de vitesse<br \/>\n<strong>\u2013<\/strong> Ski<br \/>\n<strong>\u2013<\/strong> Snowboard<br \/>\n\u2013 Athl\u00e9tisme<br \/>\n<strong>\u2013<\/strong> Natation<br \/>\n<strong>\u2013<\/strong> Boxe<br \/>\n<strong>\u2013<\/strong> Judo<br \/>\nHuber Motion Lab\u2122 peut aussi \u00eatre utilis\u00e9 pour un entrainement pouss\u00e9 dans d\u2019autres pratiques sportives!<\/p>\n<p><strong>AM\u00c9LIOREZ VOTRE SWING<\/strong><br \/>\nVous n\u2019\u00eates pas satisfait de vos performances au golf? Huber Motion Lab\u2122 vous propose des exercices de golf sur mesure pour travailler la biom\u00e9canique de votre geste. La technologie unique Cible 2D permet de mod\u00e9liser les composants de force pour reproduire et analyser le geste sportif \u00e0 une force et \u00e0 une direction donn\u00e9e.<br \/>\nPratiquez donc vos coups de d\u00e9part avec Huber Motion Lab\u2122!<br \/>\n<strong>100% naturel<\/strong><\/p>\n<h4><strong>PRENDRE VOTRE RENDEZ-VOUS EN CLIQUANT SUR LE LIEN SUIVANT<\/strong> :<\/h4>\n<div class=\"gorendezvous-button\" data-professionalpagename=\"formlab\" data-bookingwidgeturlparams=\"companyId=101752\" data-language=\"fr\" data-label=\"Prendre un rendez-vous\" data-url=\"https:\/\/www.gorendezvous.com\/\" data-buttoncolor=\"GOrendezvous\" data-width=\"undefined\" data-height=\"undefined\"><a href=\"https:\/\/www.gorendezvous.com\/formlab?companyId=101752\" target=\"GOrendezvous\">Prendre un rendez-vous<\/a><\/div>\n<p><script>!function (d, s) { var js, sid = \"gorendezvous-bookingwidget-script\"; var sEl = d.getElementById(sid); if(sEl) { sEl.parentNode.removeChild(sEl); } js = d.createElement(s); js.id = sid; js.src = \"https:\/\/www.gorendezvous.com\/Scripts\/gorendezvous.bookingWidgetV2.min.js?v=\" + (Math.floor(new Date().getTime()\/(1000*60*30))*(1000*60*30)).toString(); d.body.appendChild(js); } (document, \"script\");<\/script><\/p>\n","protected":false},"excerpt":{"rendered":"<p>Am\u00e9liorez vos performances sportives! UN ENTRAINEMENT DE HAUT NIVEAU POUR TOUS! Le plateau oscillant du Huber Motion Lab\u2122 g\u00e9n\u00e8re une instabilit\u00e9 basse, la colonne mobile une instabilit\u00e9 haute, les poign\u00e9es captent la force, le feedback sur l\u2019\u00e9cran informe. L\u2019enchainement simultan\u00e9 des postures permet \u00e0 toutes les cha\u00eenes musculaires de reprendre leurs fonctions et d\u2019augmenter le&hellip;<\/p>\n","protected":false},"author":1,"featured_media":0,"parent":0,"menu_order":0,"comment_status":"closed","ping_status":"closed","template":"","meta":[],"_links":{"self":[{"href":"http:\/\/www.formlab.ca\/A23\/wp-json\/wp\/v2\/pages\/199"}],"collection":[{"href":"http:\/\/www.formlab.ca\/A23\/wp-json\/wp\/v2\/pages"}],"about":[{"href":"http:\/\/www.formlab.ca\/A23\/wp-json\/wp\/v2\/types\/page"}],"author":[{"embeddable":true,"href":"http:\/\/www.formlab.ca\/A23\/wp-json\/wp\/v2\/users\/1"}],"replies":[{"embeddable":true,"href":"http:\/\/www.formlab.ca\/A23\/wp-json\/wp\/v2\/comments?post=199"}],"version-history":[{"count":4,"href":"http:\/\/www.formlab.ca\/A23\/wp-json\/wp\/v2\/pages\/199\/revisions"}],"predecessor-version":[{"id":892,"href":"http:\/\/www.formlab.ca\/A23\/wp-json\/wp\/v2\/pages\/199\/revisions\/892"}],"wp:attachment":[{"href":"http:\/\/www.formlab.ca\/A23\/wp-json\/wp\/v2\/media?parent=199"}],"curies":[{"name":"wp","href":"https:\/\/api.w.org\/{rel}","templated":true}]}}