{"id":201,"date":"2016-12-01T22:19:40","date_gmt":"2016-12-01T21:19:40","guid":{"rendered":"http:\/\/www.espace-bbta.com\/sophieshop\/?page_id=201"},"modified":"2016-12-01T22:19:40","modified_gmt":"2016-12-01T21:19:40","slug":"renforcer-et-tonifier-votre-corps-en-entier","status":"publish","type":"page","link":"http:\/\/www.formlab.ca\/A23\/renforcer-et-tonifier-votre-corps-en-entier\/","title":{"rendered":"Renforcer et tonifier votre corps en entier"},"content":{"rendered":"<p><strong>Tonifiez durablement vos muscles<\/strong><br \/>\n<strong>RENFORCEZ VOS ABDOS!<\/strong><br \/>\nHuber Motion Lab\u2122 am\u00e9liore votre posture et votre silhouette car il vous permet de faire travailler vos abdominaux de mani\u00e8re efficace. En renfor\u00e7ant la sangle abdominale et tout le syst\u00e8me de musculature abdo-lombaire, Huber Motion Lab\u2122 tonifie votre ventre tout en donnant \u00e0 votre silhouette une allure plus \u00e9lanc\u00e9e.<br \/>\nDites Adieu aux exercices de raffermissement abdominal qui se r\u00e9v\u00e8lent toujours inefficaces!<\/p>\n<p><strong>LA SOLUTION POUR TONIFIER SES FESSES<\/strong><br \/>\nVous trouvez vos fesses trop plates, pas assez rebondies ? Vous redoutez l\u2019\u00e9preuve du maillot de bain sur la plage ? Pas de panique, vous allez enfin pouvoir donner forme et volume \u00e0 vos fessiers gr\u00e2ce \u00e0 Huber Motion Lab\u2122. En une seule s\u00e9ance, vos muscles fessiers vont se galber \u00e0 votre enti\u00e8re satisfaction.<br \/>\n<strong>R\u00e9sultats<\/strong> : des fesses tonifi\u00e9es gr\u00e2ce \u00e0 un entra\u00eenement ludique.<\/p>\n<p><strong>EFFICACE AUSSI SUR LES CUISSES<\/strong><br \/>\nSi la graisse rebelle sur vos cuisses est votre pire ennemi, Huber Motion Lab\u2122 est tout indiqu\u00e9 pour vous. En moins de 3 minutes, l\u2019organisme entre dans la zone maximale de combustion des graisses. Les diff\u00e9rents exercices vous permettent de sculpter vos cuisses et de diminuer votre tour de cuisse de fa\u00e7on spectaculaire.<br \/>\nEn quelques s\u00e9ances, vous remarquerez que vous perdez des centim\u00e8tres.<br \/>\n100% naturel<\/p>\n<p><strong><a href=\"http:\/\/formlab.ca\/contact\/\">PRENEZ RENDEZ-VOUS D\u00c8S AUJOURD\u2019HUI!<\/a><\/strong><br \/>\n+ Une \u00e9quipe de professionnels \u00e0 votre service<br \/>\n+ Un traitement avant-gardiste : Huber Motion Lab\u2122<br \/>\n+ Un entrainement qui permet de tonifier le ventre et les cuisses<br \/>\n+ Une solution pour enfin avoir des abdominaux de r\u00eave<br \/>\n+ Des r\u00e9sultats d\u00e8s les premi\u00e8res s\u00e9ances<\/p>\n","protected":false},"excerpt":{"rendered":"<p>Tonifiez durablement vos muscles RENFORCEZ VOS ABDOS! Huber Motion Lab\u2122 am\u00e9liore votre posture et votre silhouette car il vous permet de faire travailler vos abdominaux de mani\u00e8re efficace. En renfor\u00e7ant la sangle abdominale et tout le syst\u00e8me de musculature abdo-lombaire, Huber Motion Lab\u2122 tonifie votre ventre tout en donnant \u00e0 votre silhouette une allure plus&hellip;<\/p>\n","protected":false},"author":1,"featured_media":0,"parent":0,"menu_order":0,"comment_status":"closed","ping_status":"closed","template":"","meta":[],"_links":{"self":[{"href":"http:\/\/www.formlab.ca\/A23\/wp-json\/wp\/v2\/pages\/201"}],"collection":[{"href":"http:\/\/www.formlab.ca\/A23\/wp-json\/wp\/v2\/pages"}],"about":[{"href":"http:\/\/www.formlab.ca\/A23\/wp-json\/wp\/v2\/types\/page"}],"author":[{"embeddable":true,"href":"http:\/\/www.formlab.ca\/A23\/wp-json\/wp\/v2\/users\/1"}],"replies":[{"embeddable":true,"href":"http:\/\/www.formlab.ca\/A23\/wp-json\/wp\/v2\/comments?post=201"}],"version-history":[{"count":1,"href":"http:\/\/www.formlab.ca\/A23\/wp-json\/wp\/v2\/pages\/201\/revisions"}],"predecessor-version":[{"id":202,"href":"http:\/\/www.formlab.ca\/A23\/wp-json\/wp\/v2\/pages\/201\/revisions\/202"}],"wp:attachment":[{"href":"http:\/\/www.formlab.ca\/A23\/wp-json\/wp\/v2\/media?parent=201"}],"curies":[{"name":"wp","href":"https:\/\/api.w.org\/{rel}","templated":true}]}}