{"id":213,"date":"2016-12-01T22:30:18","date_gmt":"2016-12-01T21:30:18","guid":{"rendered":"http:\/\/www.espace-bbta.com\/sophieshop\/?page_id=213"},"modified":"2016-12-01T22:30:18","modified_gmt":"2016-12-01T21:30:18","slug":"traitement-anti-cellulite","status":"publish","type":"page","link":"http:\/\/www.formlab.ca\/A23\/traitement-anti-cellulite\/","title":{"rendered":"Traitement anti-cellulite"},"content":{"rendered":"<p><strong>Bye bye cellulite!<\/strong><br \/>\nLa cellulite est un v\u00e9ritable cauchemar pour pr\u00e8s de 90% de femmes. Il est extr\u00eamement difficile de s\u2019en d\u00e9barrasser puisqu\u2019elle reste totalement indiff\u00e9rente \u00e0 l\u2019exercice et aux plus s\u00e9v\u00e8res des r\u00e9gimes amaigrissants.<br \/>\nLa cellulite r\u00e9sulte du stockage du gras dans les cellules graisseuses et de la r\u00e9tention d\u2019eau tout autour. Quand les cellules graisseuses grossissent; elles tirent sur leurs points d\u2019ancrage pour donner l\u2019apparence d\u2019une pelure d\u2019orange \u00e0 la peau.<\/p>\n<p><strong>TECHNOLOGIE 100% NATURELLE<\/strong><br \/>\nPour supprimer la cellulite, il n\u2019y a pas de miracle, il faut la stimuler. Les stimulations m\u00e9caniques d\u00e9clenchent des r\u00e9ponses biologiques en profondeur et permettent de traiter la cellulite.<br \/>\nLe lipomassage permet de d\u00e9cloisonner m\u00e9caniquement les amas graisseux. Les tissus qui emprisonnent les cellules graisseuses sont assouplis et la circulation sanguine et lymphatique est relanc\u00e9e naturellement. Le d\u00e9stockage des graisses est r\u00e9activ\u00e9 progressivement et de fa\u00e7on durable m\u00eame dans les zones les plus r\u00e9sistantes.<\/p>\n<p><strong>LE LIPOMASSAGE : EFFICACE ET DURABLE<\/strong><br \/>\nGr\u00e2ce \u00e0 la technologie CELLU M6 derni\u00e8re g\u00e9n\u00e9ration, le d\u00e9stockage des graisses est augment\u00e9 de 70% apr\u00e8s 12 s\u00e9ances. Le lipomassage avec son rouler palper permet d\u2019effacer les surcharges pond\u00e9rales et les imperfections localis\u00e9es. 100% naturelle, cette technique brevet\u00e9e et scientifiquement \u00e9prouv\u00e9e est efficace et totalement indolore.<\/p>\n<p><strong>DES R\u00c9SULTATS INCONTESTABLES<\/strong> :<br \/>\n+ R\u00e9duction de 20% des capitons<br \/>\n+ Efficace sur la cellulite des cuisses et des fesses<br \/>\n+ Sans douleur<br \/>\n+ Stimule la circulation sanguine et lymphatique<br \/>\n+ R\u00e9duit la lourdeur des jambes<\/p>\n","protected":false},"excerpt":{"rendered":"<p>Bye bye cellulite! La cellulite est un v\u00e9ritable cauchemar pour pr\u00e8s de 90% de femmes. Il est extr\u00eamement difficile de s\u2019en d\u00e9barrasser puisqu\u2019elle reste totalement indiff\u00e9rente \u00e0 l\u2019exercice et aux plus s\u00e9v\u00e8res des r\u00e9gimes amaigrissants. La cellulite r\u00e9sulte du stockage du gras dans les cellules graisseuses et de la r\u00e9tention d\u2019eau tout autour. Quand les&hellip;<\/p>\n","protected":false},"author":1,"featured_media":0,"parent":0,"menu_order":0,"comment_status":"closed","ping_status":"closed","template":"","meta":[],"_links":{"self":[{"href":"http:\/\/www.formlab.ca\/A23\/wp-json\/wp\/v2\/pages\/213"}],"collection":[{"href":"http:\/\/www.formlab.ca\/A23\/wp-json\/wp\/v2\/pages"}],"about":[{"href":"http:\/\/www.formlab.ca\/A23\/wp-json\/wp\/v2\/types\/page"}],"author":[{"embeddable":true,"href":"http:\/\/www.formlab.ca\/A23\/wp-json\/wp\/v2\/users\/1"}],"replies":[{"embeddable":true,"href":"http:\/\/www.formlab.ca\/A23\/wp-json\/wp\/v2\/comments?post=213"}],"version-history":[{"count":1,"href":"http:\/\/www.formlab.ca\/A23\/wp-json\/wp\/v2\/pages\/213\/revisions"}],"predecessor-version":[{"id":214,"href":"http:\/\/www.formlab.ca\/A23\/wp-json\/wp\/v2\/pages\/213\/revisions\/214"}],"wp:attachment":[{"href":"http:\/\/www.formlab.ca\/A23\/wp-json\/wp\/v2\/media?parent=213"}],"curies":[{"name":"wp","href":"https:\/\/api.w.org\/{rel}","templated":true}]}}