{"id":225,"date":"2016-12-01T22:37:00","date_gmt":"2016-12-01T21:37:00","guid":{"rendered":"http:\/\/www.espace-bbta.com\/sophieshop\/?page_id=225"},"modified":"2016-12-01T22:37:00","modified_gmt":"2016-12-01T21:37:00","slug":"eliminer-les-poignees-damour","status":"publish","type":"page","link":"http:\/\/www.formlab.ca\/A23\/eliminer-les-poignees-damour\/","title":{"rendered":"\u00c9liminer les poign\u00e9es d&rsquo;amour"},"content":{"rendered":"<p><strong>Ch\u00e8res, ch\u00e8res poign\u00e9es d\u2019amour!<\/strong><br \/>\n<strong>RETROUVEZ VOTRE TOUR DE TAILLE!<\/strong><br \/>\nVous en avez assez d\u2019enfiler votre jean pr\u00e9f\u00e9r\u00e9 et de voir vos poign\u00e9es d\u2019amour d\u00e9border. Vous avez tout essay\u00e9 du r\u00e9gime amaigrissant, aux exercices qui ciblent les abdominaux et rien n\u2019y fait! Comment faire alors pour enfin \u00e9liminer vos poign\u00e9es d\u2019amour et retrouver une taille plus fine?<br \/>\nLes miracles n\u2019existent pas, pour y arriver il faut stimuler le d\u00e9stockage des graisses.<\/p>\n<p><strong>ENFIN PERDRE SES POIGN\u00c9ES D\u2019AMOUR!<\/strong><br \/>\nLe probl\u00e8me avec les r\u00e9gimes c\u2019est que l\u2019on perd de partout sauf des endroits qui nous importent vraiment. On se retrouvera plus mince mais nos poign\u00e9es d\u2019amour seront encore l\u00e0 accroch\u00e9es \u00e0 nos hanches. Que voulez-vous, elles nous aiment!<br \/>\nLe lipomassage est la solution id\u00e9ale pour \u00e9liminer vos poign\u00e9es d\u2019amour. Cette technologie ouvre la porte \u00e0 tout un monde de possibilit\u00e9s. Elle favorise le d\u00e9stockage cibl\u00e9 des graisses sans bistouri, anesth\u00e9sie ni m\u00eame douleur. Vos poign\u00e9es d\u2019amour disparaitront litt\u00e9ralement!<\/p>\n<p><strong>AIMER SE FAIRE DU BIEN<\/strong><br \/>\nTout \u00e0 fait relaxant, le lipomassage vous permettra de vous d\u00e9tendre pendant toute la dur\u00e9e du traitement. Vous verrez apparaitre des r\u00e9sultats d\u00e8s la premi\u00e8re s\u00e9ance. De r\u00e9centes \u00e9tudes scientifiques ont d\u00e9montr\u00e9es qu\u2019avec les appareils de derni\u00e8re g\u00e9n\u00e9ration le d\u00e9stockage des graisses \u00e9tait augment\u00e9 de 70% apr\u00e8s 12 s\u00e9ances.<br \/>\n100% naturel<\/p>\n<p><strong>DES BIENFAITS R\u00c9ELS<\/strong><br \/>\n+ Perte des poign\u00e9es d\u2019amour<br \/>\n+ Une taille affin\u00e9e<br \/>\n+ Perte de tailles de v\u00eatements<br \/>\n+ Sans chirurgie ni douleur<\/p>\n","protected":false},"excerpt":{"rendered":"<p>Ch\u00e8res, ch\u00e8res poign\u00e9es d\u2019amour! RETROUVEZ VOTRE TOUR DE TAILLE! Vous en avez assez d\u2019enfiler votre jean pr\u00e9f\u00e9r\u00e9 et de voir vos poign\u00e9es d\u2019amour d\u00e9border. Vous avez tout essay\u00e9 du r\u00e9gime amaigrissant, aux exercices qui ciblent les abdominaux et rien n\u2019y fait! Comment faire alors pour enfin \u00e9liminer vos poign\u00e9es d\u2019amour et retrouver une taille plus&hellip;<\/p>\n","protected":false},"author":1,"featured_media":0,"parent":0,"menu_order":0,"comment_status":"closed","ping_status":"closed","template":"","meta":[],"_links":{"self":[{"href":"http:\/\/www.formlab.ca\/A23\/wp-json\/wp\/v2\/pages\/225"}],"collection":[{"href":"http:\/\/www.formlab.ca\/A23\/wp-json\/wp\/v2\/pages"}],"about":[{"href":"http:\/\/www.formlab.ca\/A23\/wp-json\/wp\/v2\/types\/page"}],"author":[{"embeddable":true,"href":"http:\/\/www.formlab.ca\/A23\/wp-json\/wp\/v2\/users\/1"}],"replies":[{"embeddable":true,"href":"http:\/\/www.formlab.ca\/A23\/wp-json\/wp\/v2\/comments?post=225"}],"version-history":[{"count":1,"href":"http:\/\/www.formlab.ca\/A23\/wp-json\/wp\/v2\/pages\/225\/revisions"}],"predecessor-version":[{"id":226,"href":"http:\/\/www.formlab.ca\/A23\/wp-json\/wp\/v2\/pages\/225\/revisions\/226"}],"wp:attachment":[{"href":"http:\/\/www.formlab.ca\/A23\/wp-json\/wp\/v2\/media?parent=225"}],"curies":[{"name":"wp","href":"https:\/\/api.w.org\/{rel}","templated":true}]}}