{"id":651,"date":"2022-01-11T15:34:11","date_gmt":"2022-01-11T20:34:11","guid":{"rendered":"http:\/\/www.formlab.ca\/A23\/?page_id=651"},"modified":"2025-12-04T15:33:24","modified_gmt":"2025-12-04T20:33:24","slug":"le-reset-programme-pour-la-perte-de-pois","status":"publish","type":"page","link":"http:\/\/www.formlab.ca\/A23\/le-reset-programme-pour-la-perte-de-pois\/","title":{"rendered":"Le reset : programme pour la perte de pois"},"content":{"rendered":"<div class=\"wpb-content-wrapper\"><p>[vc_row][vc_column][vc_column_text css=\u00a0\u00bb\u00a0\u00bb]<\/p>\n<h2 style=\"text-align: left;\">Reset \u2013 la m\u00e9thode r\u00e9volutionnaire pour transformer votre corps et votre esprit.<\/h2>\n<p>[\/vc_column_text][vc_empty_space height=\u00a0\u00bb18px\u00a0\u00bb][vc_column_text css=\u00a0\u00bb\u00a0\u00bb]<\/p>\n<h6 class=\"p1\">Les informations en lien avec la nutrition fournies sur ce site sont fournies au meilleur de nos connaissances.\u00a0Elles ne remplacent pas l&rsquo;avis d&rsquo;un professionnel de la sant\u00e9 qualifi\u00e9, notamment les di\u00e9t\u00e9tistes-nutritionnistes.\u00a0Avant d&rsquo;apporter des modifications importantes \u00e0 votre alimentation, il est recommand\u00e9 de consulter un professionnel de la sant\u00e9 qualifi\u00e9 afin d&rsquo;\u00e9valuer vos besoins nutritionnels sp\u00e9cifiques et de vous fournir des recommandations adapt\u00e9es \u00e0 votre situation personnelle.<\/h6>\n<p>[\/vc_column_text][\/vc_column][\/vc_row][vc_row][vc_column][vc_column_text css=\u00a0\u00bb\u00a0\u00bb]<\/p>\n<h3><img decoding=\"async\" loading=\"lazy\" class=\"aligncenter size-large wp-image-1268\" src=\"http:\/\/www.formlab.ca\/A23\/wp-content\/uploads\/2023\/09\/Consultation-Reset-939x1024.jpg\" alt=\"\" width=\"939\" height=\"1024\" srcset=\"http:\/\/www.formlab.ca\/A23\/wp-content\/uploads\/2023\/09\/Consultation-Reset-939x1024.jpg 939w, http:\/\/www.formlab.ca\/A23\/wp-content\/uploads\/2023\/09\/Consultation-Reset-275x300.jpg 275w, http:\/\/www.formlab.ca\/A23\/wp-content\/uploads\/2023\/09\/Consultation-Reset-768x837.jpg 768w, http:\/\/www.formlab.ca\/A23\/wp-content\/uploads\/2023\/09\/Consultation-Reset-1409x1536.jpg 1409w, http:\/\/www.formlab.ca\/A23\/wp-content\/uploads\/2023\/09\/Consultation-Reset-1878x2048.jpg 1878w, http:\/\/www.formlab.ca\/A23\/wp-content\/uploads\/2023\/09\/Consultation-Reset-600x654.jpg 600w, http:\/\/www.formlab.ca\/A23\/wp-content\/uploads\/2023\/09\/Consultation-Reset-55x60.jpg 55w, http:\/\/www.formlab.ca\/A23\/wp-content\/uploads\/2023\/09\/Consultation-Reset-83x90.jpg 83w\" sizes=\"(max-width: 939px) 100vw, 939px\" \/><\/h3>\n<div>\n<p>Depuis 2020, notre programme Reset a \u00e9volu\u00e9 pour devenir bien plus qu\u2019un simple programme de perte de poids. Il s\u2019agit d\u2019une approche globale et innovante qui allie un plan alimentaire pr\u00e9cis \u00e0 des soins sp\u00e9cialis\u00e9s agissant directement sur le syst\u00e8me nerveux central.<\/p>\n<h3>Pourquoi est-ce si efficace?<\/h3>\n<p>Parce que le cortisol, l&rsquo;hormone du stress, est l&rsquo;un des plus grands freins \u00e0 la perte de poids et au sommeil r\u00e9parateur. Nos soins en centre aident \u00e0 r\u00e9duire ce fameux cortisol, tout en \u00e9liminant les toxines et en raffermissant la peau. R\u00e9sultat? Une transformation visible et durable, tant sur la balance que dans votre bien-\u00eatre g\u00e9n\u00e9ral.<\/p>\n<h3>\u00c0 quoi s\u2019attendre avec le programme Reset?<\/h3>\n<ul>\n<li>Perte de poids rapide et durable : entre 15 et 25 livres pour les femmes et 25 \u00e0 35 livres pour les hommes en 42 jours. Vous pouvez m\u00eame faire le Reset jusqu\u2019a 100 jours pour une plus grande perte de poids.<span class=\"Apple-converted-space\">\u00a0<\/span><\/li>\n<li>Un m\u00e9tabolisme r\u00e9\u00e9quilibr\u00e9 pour favoriser une perte de poids continue m\u00eame apr\u00e8s le programme.<\/li>\n<li>Une meilleure qualit\u00e9 de sommeil et une diminution du stress gr\u00e2ce \u00e0 des soins valid\u00e9s par des m\u00e9decins fran\u00e7ais.<\/li>\n<li>Un corps raffermi et une silhouette affin\u00e9e, sans effet rebond.<\/li>\n<\/ul>\n<h3>Comment \u00e7a fonctionne?<\/h3>\n<p>Le programme repose sur un plan alimentaire combin\u00e9 \u00e0 des soins uniques qui r\u00e9gule l\u2019inflammation et optimise la r\u00e9g\u00e9n\u00e9ration du corps avec une stimulation de l\u2019hypothalamus pour activer la lib\u00e9ration des graisses stock\u00e9es et les utiliser comme source d\u2019\u00e9nergie.<\/p>\n<h2>Nos formules Reset \u2013 choisissez celle qui vous convient<\/h2>\n<p>Chez Formlab, on vous accompagne partout\u2026 vraiment partout. Que vous soyez tout pr\u00e8s de St-Bruno ou \u00e0 l\u2019autre bout du Qu\u00e9bec (ou m\u00eame du monde !), nos programmes Reset sont con\u00e7us pour s\u2019adapter \u00e0 vous.<\/p>\n<p>Nous avons quelques centres collaborateurs au Qu\u00e9bec pour vos soins (pour celles qui veulent aussi de l&rsquo;endermologie) alors que pour les reset \u00e0 distance (peut importe le centre) c\u2019est l\u2019\u00e9quipe de naturopathes de Formlab qui assure toute la prise en charge alimentaire et naturopathique, en personne ou \u00e0 distance, 7 jours sur 7.<\/p>\n<h3>Reset Z\u00e9ro<\/h3>\n<p>Pour celles et ceux qui veulent suivre le programme \u00e0 distance, o\u00f9 que vous soyez dans le monde:<\/p>\n<ul>\n<li>Plan alimentaire personnalis\u00e9<\/li>\n<li>Suppl\u00e9ments naturels selon votre bilan<\/li>\n<li>Guide nutritionnel et livre de recettes<\/li>\n<li>Support avec l\u2019acc\u00e8s \u00e0 deux naturopathes et une coordonnatrice 7 jours sur 7<\/li>\n<\/ul>\n<h3>Reset 5<\/h3>\n<p>Parfait pour les personnes avec un mode de vie sans trop de d\u00e9balancement hormonal avec un cycle r\u00e9gulier et un niveau de stress l\u00e9ger:<\/p>\n<ul>\n<li>Tout le programme Reset Z\u00e9ro<\/li>\n<li>5 soins en centre pour r\u00e9duire le cortisol, am\u00e9liorer le sommeil, diminuer l\u2019anxi\u00e9t\u00e9, favoriser la d\u00e9tox et raffermir le corps<\/li>\n<li>Support 7 jours sur 7<\/li>\n<\/ul>\n<h3>Reset 9<\/h3>\n<p>Sp\u00e9cialement con\u00e7u pour les femmes en m\u00e9nopause, en p\u00e9rim\u00e9nopause ou souffrant de d\u00e9s\u00e9quilibres hormonaux et d\u2019anxi\u00e9t\u00e9 ou ayant d\u00e9j\u00e0 fait une d\u00e9pression:<\/p>\n<ul>\n<li>Tout le programme Reset Z\u00e9ro<\/li>\n<li>9 soins en centre pour un impact plus profond sur le m\u00e9tabolisme, l\u2019\u00e9quilibre hormonal et l\u2019\u00e9nergie<\/li>\n<li>Support 7 jours sur 7<\/li>\n<\/ul>\n<p><strong>Un accompagnement sur mesure pour des r\u00e9sultats exceptionnels garantis !<br \/>\n<\/strong><br \/>\nPour celles qui sont loin mais qui veulent aussi b\u00e9n\u00e9ficier de soins en centre (comme l&rsquo;endermologie), nous pouvons vous proposer des centres collaborateurs partout au Qu\u00e9bec. Et rassurez-vous : on vous oriente toujours vers une endermologue form\u00e9e et approuv\u00e9e Formlab.<strong><br \/>\n<\/strong><\/p>\n<p>Le programme Reset dure entre 42 et 100 jours, selon votre objectif de perte de poids et vos besoins sp\u00e9cifiques.<\/p>\n<p>Nous offrons une premi\u00e8re consultation t\u00e9l\u00e9phonique gratuite pour r\u00e9pondre \u00e0 toutes vos questions et vous guider vers la meilleure version de vous-m\u00eame.<\/p>\n<\/div>\n<p>[\/vc_column_text][\/vc_column][\/vc_row][vc_row][vc_column][vc_empty_space height=\u00a0\u00bb5px\u00a0\u00bb][\/vc_column][\/vc_row][vc_row][vc_column][vc_column_text css=\u00a0\u00bb\u00a0\u00bb]<\/p>\n<h2>Pr\u00eat.e \u00e0 transformer votre corps et votre bien-\u00eatre?<\/h2>\n<p><span style=\"color: #f2816d;\"><strong><span style=\"font-size: small;\">Nous offrons une premi\u00e8re consultation t\u00e9l\u00e9phonique gratuite pour r\u00e9pondre \u00e0 toutes vos questions et vous guider vers la meilleure version de vous-m\u00eame.\u00a0<\/span><\/strong><\/span><\/p>\n<p><span style=\"font-size: small;\"><strong>Contactez-nous d\u00e8s maintenant<\/strong>\u00a0(450) 723-3006<\/span>[\/vc_column_text][\/vc_column][\/vc_row]<\/p>\n<\/div>","protected":false},"excerpt":{"rendered":"<p>[vc_row][vc_column][vc_column_text css=\u00a0\u00bb\u00a0\u00bb] Reset \u2013 la m\u00e9thode r\u00e9volutionnaire pour transformer votre corps et votre esprit. [\/vc_column_text][vc_empty_space height=\u00a0\u00bb18px\u00a0\u00bb][vc_column_text css=\u00a0\u00bb\u00a0\u00bb] Les informations en lien avec la nutrition fournies sur ce site sont fournies au meilleur de nos connaissances.\u00a0Elles ne remplacent pas l&rsquo;avis d&rsquo;un professionnel de la sant\u00e9 qualifi\u00e9, notamment les di\u00e9t\u00e9tistes-nutritionnistes.\u00a0Avant d&rsquo;apporter des modifications importantes \u00e0 votre alimentation,&hellip;<\/p>\n","protected":false},"author":1,"featured_media":0,"parent":0,"menu_order":0,"comment_status":"closed","ping_status":"closed","template":"","meta":[],"_links":{"self":[{"href":"http:\/\/www.formlab.ca\/A23\/wp-json\/wp\/v2\/pages\/651"}],"collection":[{"href":"http:\/\/www.formlab.ca\/A23\/wp-json\/wp\/v2\/pages"}],"about":[{"href":"http:\/\/www.formlab.ca\/A23\/wp-json\/wp\/v2\/types\/page"}],"author":[{"embeddable":true,"href":"http:\/\/www.formlab.ca\/A23\/wp-json\/wp\/v2\/users\/1"}],"replies":[{"embeddable":true,"href":"http:\/\/www.formlab.ca\/A23\/wp-json\/wp\/v2\/comments?post=651"}],"version-history":[{"count":20,"href":"http:\/\/www.formlab.ca\/A23\/wp-json\/wp\/v2\/pages\/651\/revisions"}],"predecessor-version":[{"id":1325,"href":"http:\/\/www.formlab.ca\/A23\/wp-json\/wp\/v2\/pages\/651\/revisions\/1325"}],"wp:attachment":[{"href":"http:\/\/www.formlab.ca\/A23\/wp-json\/wp\/v2\/media?parent=651"}],"curies":[{"name":"wp","href":"https:\/\/api.w.org\/{rel}","templated":true}]}}