{"id":816,"date":"2023-05-18T15:25:42","date_gmt":"2023-05-18T19:25:42","guid":{"rendered":"http:\/\/www.formlab.ca\/A23\/?page_id=816"},"modified":"2023-07-13T11:39:06","modified_gmt":"2023-07-13T15:39:06","slug":"hifu-corps","status":"publish","type":"page","link":"http:\/\/www.formlab.ca\/A23\/hifu-corps\/","title":{"rendered":"HIFU corps"},"content":{"rendered":"<div class=\"wpb-content-wrapper\"><p>[vc_row][vc_column][vc_column_text]<\/p>\n<h2><strong>HIFU 4D corps<\/strong><\/h2>\n<p>[\/vc_column_text][\/vc_column][\/vc_row][vc_row][vc_column][vc_column_text]<\/p>\n<h3 style=\"text-align: left;\"><strong>HIFU 4D pour le corps<\/strong><\/h3>\n<p>Le HIFU (Hi Intensity Focused Ultrasound) est une technique de traitement qui utilise des vibrations sonores de haute intensit\u00e9 pour stimuler la production de collag\u00e8ne pour raffermir la peau et pour cibler les tissus sous-cutan\u00e9s et diminuer les zones graisseuses du corps et du visage.<\/p>\n<p>Le traitement HIFU 4D offre de nombreux avantages pour les traitements corps :<\/p>\n<ol>\n<li>Il est non invasif, ce qui signifie qu&rsquo;il n&rsquo;y a pas de coupure ou de cicatrice tel que la liposuccion ou chirurgie plastique, ce qui en fait une option plus sure et plus confortable pour les clientes.<\/li>\n<li>Il est tr\u00e8s pr\u00e9cis, ce qui permet de cibler les zones sp\u00e9cifiques o\u00f9 vous souhaitez am\u00e9liorer la fermet\u00e9 de la peau ou r\u00e9duction d&rsquo;amas graisseux. Les ultrasons vont restructurer toutes les couches de la peau, du derme profond et aussi du SMAS (Syst\u00e8me Musculo-Apon\u00e9vrotique Sous-Cutan\u00e9) qui est tr\u00e8s profond dans nos tissus. Cette technologie est la seule \u00e0 avoir le seau FDA pour les lifts non-chirurgicaux aux USA (2009 pour le lifting des sourcils et 2014 pour les r\u00e9sultats sur les rides et les ridules). L\u2019\u00e9nergie est concentr\u00e9e dans chacune des couches pour stimuler et restructurer le collag\u00e8ne et l\u2019\u00e9lastine de la peau et d\u00e9truit de fa\u00e7on permanente les graisses (apoptose).<\/li>\n<\/ol>\n<h3>Les avantages du HIFU 4D sont nombreux :<\/h3>\n<ol>\n<li>Il n&rsquo;y a pas de temps de r\u00e9cup\u00e9ration n\u00e9cessaire apr\u00e8s le traitement, contrairement aux interventions chirurgicales. Les clientes peuvent reprendre leurs activit\u00e9s normales imm\u00e9diatement apr\u00e8s la s\u00e9ance.<\/li>\n<li>Sans douleur et ne n\u00e9cessite pas d&rsquo;anesth\u00e9sie, ce qui en fait une option confortable pour les personnes qui ont des craintes des aiguilles ou des traitements invasifs.<\/li>\n<li>C&rsquo;est \u00e9galement un traitement efficace pour r\u00e9duire la graisse corporelle et resserrer la peau flasque. Il peut \u00eatre utilis\u00e9 sur diff\u00e9rentes parties du corps, notamment l&rsquo;abdomen, les cuisses, les bras, le dos et le visage. Les r\u00e9sultats sont souvent visibles d\u00e8s la premi\u00e8re s\u00e9ance, et continuent de s&rsquo;am\u00e9liorer au fil du temps.<\/li>\n<\/ol>\n<h4>Probl\u00e9matiques vis\u00e9es pour le corps :<\/h4>\n<ul>\n<li>Raffermissement et tonus<\/li>\n<li>Graisse tenace<\/li>\n<li>Cellulite<\/li>\n<li>Bosse de bison<\/li>\n<\/ul>\n<h4>R\u00e9sultats :<\/h4>\n<p>Un traitement aux 4 mois maximum selon les r\u00e9sultats escompt\u00e9s, vous devez faire une consultation pour faire le plan de traitement. Il arrive qu\u2019un seul soin soit suffisant. Les r\u00e9sultats \u00e9voluent pendant les 3 mois suivants le soin et durent pendant 1 an 1\/2.[\/vc_column_text][\/vc_column][\/vc_row][vc_row][vc_column][vc_column_text]<strong>PRENDRE VOTRE RENDEZ-VOUS EN CLIQUANT ICI<\/strong> :<\/p>\n<div class=\"gorendezvous-button\" data-professionalpagename=\"formlab\" data-bookingwidgeturlparams=\"companyId=101752\" data-language=\"fr\" data-label=\"Prendre un rendez-vous\" data-url=\"https:\/\/www.gorendezvous.com\/\" data-buttoncolor=\"GOrendezvous\" data-width=\"undefined\" data-height=\"undefined\"><a href=\"https:\/\/www.gorendezvous.com\/formlab?companyId=101752\" target=\"GOrendezvous\" rel=\"noopener\">Prendre un rendez-vous<\/a><\/div>\n<p><script>!function (d, s) { var js, sid = \"gorendezvous-bookingwidget-script\"; var sEl = d.getElementById(sid); if(sEl) { sEl.parentNode.removeChild(sEl); } js = d.createElement(s); js.id = sid; js.src = \"https:\/\/www.gorendezvous.com\/Scripts\/gorendezvous.bookingWidgetV2.min.js?v=\" + (Math.floor(new Date().getTime()\/(1000*60*30))*(1000*60*30)).toString(); d.body.appendChild(js); } (document, \"script\");<\/script>[\/vc_column_text][\/vc_column][\/vc_row][vc_row][vc_column][vc_column_text]<\/p>\n<h3 style=\"text-align: center;\"><strong>HIFU 4D pour le corps<\/strong><\/h3>\n<p>[\/vc_column_text][vc_single_image image=\u00a0\u00bb818&Prime; img_size=\u00a0\u00bb650&#215;850&Prime;][\/vc_column][\/vc_row]<\/p>\n<\/div>","protected":false},"excerpt":{"rendered":"<p>[vc_row][vc_column][vc_column_text] HIFU 4D corps [\/vc_column_text][\/vc_column][\/vc_row][vc_row][vc_column][vc_column_text] HIFU 4D pour le corps Le HIFU (Hi Intensity Focused Ultrasound) est une technique de traitement qui utilise des vibrations sonores de haute intensit\u00e9 pour stimuler la production de collag\u00e8ne pour raffermir la peau et pour cibler les tissus sous-cutan\u00e9s et diminuer les zones graisseuses du corps et du visage.&hellip;<\/p>\n","protected":false},"author":1,"featured_media":0,"parent":0,"menu_order":0,"comment_status":"closed","ping_status":"closed","template":"","meta":[],"_links":{"self":[{"href":"http:\/\/www.formlab.ca\/A23\/wp-json\/wp\/v2\/pages\/816"}],"collection":[{"href":"http:\/\/www.formlab.ca\/A23\/wp-json\/wp\/v2\/pages"}],"about":[{"href":"http:\/\/www.formlab.ca\/A23\/wp-json\/wp\/v2\/types\/page"}],"author":[{"embeddable":true,"href":"http:\/\/www.formlab.ca\/A23\/wp-json\/wp\/v2\/users\/1"}],"replies":[{"embeddable":true,"href":"http:\/\/www.formlab.ca\/A23\/wp-json\/wp\/v2\/comments?post=816"}],"version-history":[{"count":8,"href":"http:\/\/www.formlab.ca\/A23\/wp-json\/wp\/v2\/pages\/816\/revisions"}],"predecessor-version":[{"id":1217,"href":"http:\/\/www.formlab.ca\/A23\/wp-json\/wp\/v2\/pages\/816\/revisions\/1217"}],"wp:attachment":[{"href":"http:\/\/www.formlab.ca\/A23\/wp-json\/wp\/v2\/media?parent=816"}],"curies":[{"name":"wp","href":"https:\/\/api.w.org\/{rel}","templated":true}]}}