{"id":908,"date":"2023-05-24T13:35:10","date_gmt":"2023-05-24T17:35:10","guid":{"rendered":"http:\/\/www.formlab.ca\/A23\/?page_id=908"},"modified":"2023-07-12T11:58:04","modified_gmt":"2023-07-12T15:58:04","slug":"problematiques-medicales","status":"publish","type":"page","link":"http:\/\/www.formlab.ca\/A23\/problematiques-medicales\/","title":{"rendered":"Probl\u00e9matiques m\u00e9dicales"},"content":{"rendered":"<div class=\"wpb-content-wrapper\"><p>[vc_row][vc_column][vc_column_text]<\/p>\n<h2><strong>Probl\u00e9matiques m\u00e9dicales<\/strong><\/h2>\n<p>[\/vc_column_text][\/vc_column][\/vc_row][vc_row][vc_column][vc_column_text]<\/p>\n<h3 class=\"post-img\">Voici certaines probl\u00e9matiques m\u00e9dicales<\/h3>\n<div class=\"post-entry\">\n<ol>\n<li>Maux de dos (douleurs lombaires, dorsales et cervicales)<\/li>\n<li>Conditions chroniques<\/li>\n<\/ol>\n<h3><a href=\"http:\/\/www.formlab.ca\/A23\/pre-operation-et-post-operation\/\" target=\"_blank\" rel=\"noopener\"><strong>Pr\u00e9-op\u00e9ration et post-op\u00e9ration<\/strong><\/a><\/h3>\n<ul>\n<li><a href=\"http:\/\/www.formlab.ca\/A23\/pre-operation-et-post-operation\/\" target=\"_blank\" rel=\"noopener\"><strong>Pr\u00e9-op\u00e9ration : m\u00e9dical ou esth\u00e9tique<\/strong><\/a><\/li>\n<li><a href=\"http:\/\/www.formlab.ca\/A23\/pre-operation-et-post-operation\/\" target=\"_blank\" rel=\"noopener\"><strong>Post-op\u00e9ration : m\u00e9dical ou esth\u00e9tique<\/strong><\/a><\/li>\n<li><a href=\"http:\/\/www.formlab.ca\/A23\/pre-operation-et-post-operation\/\" target=\"_blank\" rel=\"noopener\"><strong>Le drainage pr\u00e9\/post op\u00e9ratoire<\/strong><\/a><\/li>\n<\/ul>\n<h3>1. Maux de dos (douleurs lombaires, dorsales et cervicales)<\/h3>\n<h4>Traitements<\/h4>\n<ul>\n<li><a href=\"http:\/\/www.formlab.ca\/A23\/massotherapie\/\" target=\"_blank\" rel=\"noopener\"><strong>Masso traditionnelle ou sp\u00e9cialis\u00e9<\/strong><\/a><\/li>\n<li><a href=\"http:\/\/www.formlab.ca\/A23\/endermologie\/\" target=\"_blank\" rel=\"noopener\"><strong>Endermotherapie<\/strong><\/a><\/li>\n<li><a href=\"http:\/\/www.formlab.ca\/A23\/huber-motion-lab\/\" target=\"_blank\" rel=\"noopener\"><strong>Huber MotionLab<\/strong><\/a><\/li>\n<\/ul>\n<h3>2. Conditions chroniques<\/h3>\n<ul>\n<li><a href=\"http:\/\/www.formlab.ca\/A23\/massotherapie\/\" target=\"_blank\" rel=\"noopener\"><strong>Masso traditionnelle ou sp\u00e9cialis\u00e9e<\/strong><\/a><\/li>\n<\/ul>\n<\/div>\n<p>[\/vc_column_text][\/vc_column][\/vc_row]<\/p>\n<\/div>","protected":false},"excerpt":{"rendered":"<p>[vc_row][vc_column][vc_column_text] Probl\u00e9matiques m\u00e9dicales [\/vc_column_text][\/vc_column][\/vc_row][vc_row][vc_column][vc_column_text] Voici certaines probl\u00e9matiques m\u00e9dicales Maux de dos (douleurs lombaires, dorsales et cervicales) Conditions chroniques Pr\u00e9-op\u00e9ration et post-op\u00e9ration Pr\u00e9-op\u00e9ration : m\u00e9dical ou esth\u00e9tique Post-op\u00e9ration : m\u00e9dical ou esth\u00e9tique Le drainage pr\u00e9\/post op\u00e9ratoire 1. Maux de dos (douleurs lombaires, dorsales et cervicales) Traitements Masso traditionnelle ou sp\u00e9cialis\u00e9 Endermotherapie Huber MotionLab 2. Conditions chroniques&hellip;<\/p>\n","protected":false},"author":1,"featured_media":0,"parent":0,"menu_order":0,"comment_status":"closed","ping_status":"closed","template":"","meta":[],"_links":{"self":[{"href":"http:\/\/www.formlab.ca\/A23\/wp-json\/wp\/v2\/pages\/908"}],"collection":[{"href":"http:\/\/www.formlab.ca\/A23\/wp-json\/wp\/v2\/pages"}],"about":[{"href":"http:\/\/www.formlab.ca\/A23\/wp-json\/wp\/v2\/types\/page"}],"author":[{"embeddable":true,"href":"http:\/\/www.formlab.ca\/A23\/wp-json\/wp\/v2\/users\/1"}],"replies":[{"embeddable":true,"href":"http:\/\/www.formlab.ca\/A23\/wp-json\/wp\/v2\/comments?post=908"}],"version-history":[{"count":5,"href":"http:\/\/www.formlab.ca\/A23\/wp-json\/wp\/v2\/pages\/908\/revisions"}],"predecessor-version":[{"id":1116,"href":"http:\/\/www.formlab.ca\/A23\/wp-json\/wp\/v2\/pages\/908\/revisions\/1116"}],"wp:attachment":[{"href":"http:\/\/www.formlab.ca\/A23\/wp-json\/wp\/v2\/media?parent=908"}],"curies":[{"name":"wp","href":"https:\/\/api.w.org\/{rel}","templated":true}]}}